{"id":1957,"date":"2019-04-13T06:21:31","date_gmt":"2019-04-13T06:21:31","guid":{"rendered":"http:\/\/192.168.0.110\/sports\/?page_id=10"},"modified":"2025-11-13T17:29:32","modified_gmt":"2025-11-13T14:29:32","slug":"about","status":"publish","type":"page","link":"https:\/\/www.intergalaxy.ro\/index.php\/about\/","title":{"rendered":"Facilit\u0103\u021bi Oferite"},"content":{"rendered":"<p>[vc_row full_width=&#8221;stretch_row&#8221; equal_height=&#8221;yes&#8221; content_placement=&#8221;middle&#8221; css=&#8221;.vc_custom_1560161656174{padding-top: 100px !important;padding-bottom: 64px !important;background-position: center !important;background-repeat: no-repeat !important;background-size: cover !important;}&#8221; el_class=&#8221;fixture-views&#8221;][vc_column css=&#8221;.vc_custom_1557908472510{padding-top: 0px !important;padding-bottom: 0px !important;}&#8221;][vc_row_inner equal_height=&#8221;yes&#8221; content_placement=&#8221;middle&#8221; css=&#8221;.vc_custom_1560153296232{padding-top: 0px !important;padding-bottom: 0px !important;}&#8221;][vc_column_inner width=&#8221;5\/12&#8243; css=&#8221;.vc_custom_1557908404124{padding-top: 0px !important;padding-bottom: 0px !important;background-position: center !important;background-repeat: no-repeat !important;background-size: cover !important;}&#8221;][vc_single_image image=&#8221;1989&#8243; img_size=&#8221;full&#8221;][\/vc_column_inner][vc_column_inner width=&#8221;7\/12&#8243; css=&#8221;.vc_custom_1557734622756{padding-left: 40px !important;}&#8221;]\r\n        <div class=\"rs-heading style2   \">\r\n        \t<div class=\"title-inner \">\r\n        \t\t       \t\t\r\n\t            \r\n\t            <h2 class=\"title title-upper\" style=\"color: #111111\">Dorim S\u0103 fim cei mai buni<\/h2> <span class=\"lines-bg\"><\/span>\r\n\t            <div class=\"title-img bottom-img\"><\/div>\r\n\t        <\/div><div class=\"description\"  style=\"color: #111111\">Clubul Sportiv <strong>INTER GALAXY<\/strong> asigur\u0103 condi\u021bii de calitate pentru copiii no\u0219tri, iar mai jos v\u0103 prezent\u0103m c\u00e2teva dintre facilit\u0103\u021bile oferite:\n<p><strong>Antrenori tineri \u0219i profesioni\u0219ti<\/strong><\/p>\n<p><strong>Baze sportive:<\/strong><\/p>\n<ul>\n<li><strong>Baza Sportiv\u0103 Sud Arena<\/strong> \u2013 \u0218os. Vitan-B\u00e2rze\u0219ti 5-7 (Hotel Rin Vitan)<\/li>\n<li><strong>Baza D\u2019Angelo<\/strong> \u2013 \u0218oseaua Olteni\u021bei 11<\/li>\n<li><strong>Baza Inter Gaz<\/strong><\/li>\n<li><strong>Baza Vi\u0219agului<\/strong><\/li>\n<\/ul>\n<p>Aceste baze includ:<\/p>\n<ul>\n<li><strong>2 terenuri 11 vs 11<\/strong><\/li>\n<li>8 terenuri cu gazon sintetic<\/li>\n<li>vestiare<\/li>\n<li>du\u0219uri<\/li>\n<li>toalete<\/li>\n<li>teras\u0103<\/li>\n<\/ul>\n<p>\u00cencep\u00e2nd cu anul <strong>2026<\/strong>, clubul <strong>INTER GALAXY<\/strong> va deschide \u00eenc\u0103 dou\u0103 baze sportive \u00een Bucure\u0219ti, unde \u00eei a\u0219tept\u0103m pe to\u021bi copiii dornici \u0219i pasiona\u021bi de fotbal s\u0103 \u00eel practice \u00eentr-un cadru organizat \u0219i pl\u0103cut, al\u0103turi de noi.<\/p>\n<p><strong>Facilit\u0103\u021bi suplimentare:<\/strong><\/p>\n<ul>\n<li>Materiale sportive profesionale (mingi, gardule\u021be, jaloane etc.)<\/li>\n<li>Echipament sportiv complet (echipament de antrenament, de prezentare, de joc etc.)<\/li>\n<li>Cantonamente de preg\u0103tire \u0219i perfec\u021bionare, interne \u0219i interna\u021bionale<\/li>\n<li>Antrenamente individuale<\/li>\n<li>Antrenamente specifice pentru portari<\/li>\n<li>Grupe de ini\u021biere \u0219i avansa\u021bi<\/li>\n<li>Antrenamente pe tot parcursul anului (iarna \u00een sal\u0103 sau \u00een balon \u00eenc\u0103lzit)<\/li>\n<li>Contracte de juc\u0103tori profesioni\u0219ti pentru copiii cu poten\u021bial sau pentru cei care evolueaz\u0103 la echipa de seniori<\/li>\n<li>Impresariat sportiv (impresarii urm\u0103resc copiii at\u00e2t la antrenamente, c\u00e2t \u0219i la meciuri)<\/li>\n<li>Program de antrenament flexibil, diminea\u021ba \u0219i dup\u0103-amiaza (\u00een func\u021bie de orarul \u0219colar)<\/li>\n<li>Turnee \u0219i competi\u021bii<\/li>\n<\/ul>\n<p><strong>Se pot \u00eenscrie copii cu v\u00e2rste \u00eentre 4 \u0219i 14 ani, precum \u0219i tineri \u00eentre 15 \u0219i 25 de ani pentru echipa de seniori.<\/strong><\/p><\/div><\/div>[\/vc_column_inner][\/vc_row_inner][\/vc_column][\/vc_row][vc_row full_width=&#8221;stretch_row&#8221; css=&#8221;.vc_custom_1559199652231{padding-top: 41px !important;padding-bottom: 92px !important;background-image: url(https:\/\/rstheme.com\/products\/wordpress\/khelo\/wp-content\/uploads\/2019\/05\/bg1.jpg?id=811) !important;background-position: center !important;background-repeat: no-repeat !important;background-size: cover !important;}&#8221;][vc_column width=&#8221;1\/4&#8243;]\n    <div class=\"counter-top-area  style1 left \"   >\n\n    <div class=\"rs-counter-list\">\n        \n    <div class=\"count-text\"><div style=\"margin-top:15px; margin-bottom:10px; color:#fbc02d\" class=\"count-number\">\n    <span style=\"font-size:60px; line-height:60px; color:#fbc02d\" class=\"rs-counter\"> 10<\/span> <span style=\"color:#fbc02d\"><span style=\"font-size:60px; line-height:60px\">+<\/span><\/span><\/div>         \n        <h3  style=\"color: #ffffff\"><span  style=\"font-size: 22px; line-height: 22px!important\">Experienta<\/span><\/h3><\/div>\n    <\/div><\/div>[\/vc_column][vc_column width=&#8221;1\/4&#8243;]\n    <div class=\"counter-top-area  style1 left \"   >\n\n    <div class=\"rs-counter-list\">\n        \n    <div class=\"count-text\"><div style=\"margin-top:15px; margin-bottom:10px; color:#fbc02d\" class=\"count-number\">\n    <span style=\"font-size:60px; line-height:60px; color:#fbc02d\" class=\"rs-counter\"> 5<\/span> <span style=\"color:#fbc02d\"><span style=\"font-size:60px; line-height:60px\">+<\/span><\/span><\/div>         \n        <h3  style=\"color: #ffffff\"><span  style=\"font-size: 22px; line-height: 22px!important\">Antrenori licen\u021bia\u021bi<\/span><\/h3><\/div>\n    <\/div><\/div>[\/vc_column][vc_column width=&#8221;1\/4&#8243;]\n    <div class=\"counter-top-area  style1 left \"   >\n\n    <div class=\"rs-counter-list\">\n        \n    <div class=\"count-text\"><div style=\"margin-top:15px; margin-bottom:10px; color:#fbc02d\" class=\"count-number\">\n    <span style=\"font-size:60px; line-height:60px; color:#fbc02d\" class=\"rs-counter\"> 550<\/span> <span style=\"color:#fbc02d\"><span style=\"font-size:60px; line-height:60px\">+<\/span><\/span><\/div>         \n        <h3  style=\"color: #ffffff\"><span  style=\"font-size: 22px; line-height: 22px!important\">Meciuri disputate<\/span><\/h3><\/div>\n    <\/div><\/div>[\/vc_column][vc_column width=&#8221;1\/4&#8243;]\n    <div class=\"counter-top-area  style1 left \"   >\n\n    <div class=\"rs-counter-list\">\n        \n    <div class=\"count-text\"><div style=\"margin-top:15px; margin-bottom:10px; color:#fbc02d\" class=\"count-number\">\n    <span style=\"font-size:60px; line-height:60px; color:#fbc02d\" class=\"rs-counter\"> 50<\/span> <span style=\"color:#fbc02d\"><span style=\"font-size:60px; line-height:60px\">+<\/span><\/span><\/div>         \n        <h3  style=\"color: #ffffff\"><span  style=\"font-size: 22px; line-height: 22px!important\">premii o\u021binute<\/span><\/h3><\/div>\n    <\/div><\/div>[\/vc_column][\/vc_row][vc_row css=&#8221;.vc_custom_1559199682976{padding-top: 54px !important;padding-bottom: 100px !important;}&#8221;][vc_column]\r\n        <div class=\"rs-heading style2   text-center\">\r\n        \t<div class=\"title-inner \">\r\n        \t\t       \t\t\r\n\t            \r\n\t            <h2 class=\"title title-upper\">Jucatori<\/h2> <span class=\"lines-bg\"><\/span>\r\n\t            <div class=\"title-img bottom-img\"><\/div>\r\n\t        <\/div><\/div>\r\n<div class=\"rs-players-slider players-style2   hide_details_palyer\">\r\n    <div class=\"team-carousel owl-carousel owl-navigation-yes\" data-carousel-options=\"{&quot;nav&quot;:false,&quot;navText&quot;:[&quot;&lt;i class=&#039;glyph-icon flaticon-back-2&#039;&gt;&lt;\\\/i&gt;&quot;,&quot;&lt;i class=&#039;glyph-icon flaticon-arrow&#039;&gt;&lt;\\\/i&gt;&quot;],&quot;dots&quot;:false,&quot;autoplay&quot;:true,&quot;autoplayTimeout&quot;:&quot;5000&quot;,&quot;autoplaySpeed&quot;:&quot;200&quot;,&quot;autoplayHoverPause&quot;:true,&quot;loop&quot;:true,&quot;margin&quot;:30,&quot;responsive&quot;:{&quot;0&quot;:{&quot;items&quot;:&quot;1&quot;},&quot;480&quot;:{&quot;items&quot;:&quot;2&quot;},&quot;768&quot;:{&quot;items&quot;:&quot;2&quot;},&quot;992&quot;:{&quot;items&quot;:&quot;3&quot;},&quot;1200&quot;:{&quot;items&quot;:&quot;3&quot;}}}\">\r\n\r\n            <\/div>    \r\n<\/div>\r\n[\/vc_column][\/vc_row][vc_row full_width=&#8221;stretch_row&#8221; css=&#8221;.vc_custom_1557742715064{padding-top: 65px !important;padding-bottom: 100px !important;background-image: url(https:\/\/rstheme.com\/products\/wordpress\/khelo\/wp-content\/uploads\/2019\/04\/slider.jpg?id=631) !important;background-position: center !important;background-repeat: no-repeat !important;background-size: cover !important;}&#8221;][vc_column][vc_row_inner][vc_column_inner]<div class=\"award-section\">\r\n    \t\t\t<div class=\"award-carourel owl-carousel owl-navigation-yes\" data-award-options=\"{&quot;nav&quot;:false,&quot;navText&quot;:[&quot;&lt;i class=&#039;fa fa-angle-left&#039;&gt;&lt;\\\/i&gt;&quot;,&quot;&lt;i class=&#039;fa fa-angle-right&#039;&gt;&lt;\\\/i&gt;&quot;],&quot;dots&quot;:false,&quot;autoplay&quot;:true,&quot;autoplayTimeout&quot;:&quot;5000&quot;,&quot;autoplaySpeed&quot;:&quot;200&quot;,&quot;autoplayHoverPause&quot;:true,&quot;loop&quot;:true,&quot;margin&quot;:30,&quot;items&quot;:4,&quot;responsive&quot;:{&quot;0&quot;:{&quot;items&quot;:&quot;1&quot;},&quot;480&quot;:{&quot;items&quot;:&quot;2&quot;},&quot;768&quot;:{&quot;items&quot;:&quot;2&quot;},&quot;992&quot;:{&quot;items&quot;:&quot;4&quot;},&quot;1200&quot;:{&quot;items&quot;:&quot;4&quot;}}}\"><\/div>\r\n\t\t<\/div>[\/vc_column_inner][\/vc_row_inner][\/vc_column][\/vc_row][vc_row full_width=&#8221;stretch_row&#8221; css=&#8221;.vc_custom_1559030718331{padding-top: 55px !important;padding-bottom: 192px !important;}&#8221; el_class=&#8221;fixture-views&#8221;][vc_column]\r\n        <div class=\"rs-heading style2   text-center\">\r\n        \t<div class=\"title-inner \">\r\n        \t\t       \t\t\r\n\t            \r\n\t            <h2 class=\"title title-upper\">galerie imagini<\/h2> <span class=\"lines-bg\"><\/span>\r\n\t            <div class=\"title-img bottom-img\"><\/div>\r\n\t        <\/div><\/div><div class=\"rs-galleys  style2 space-none border-radius\"><div id=\"rs-galleys\" class=\"row grid gallery-grid\"><div class=\"col-md-4 col-sm-6 filter_kids filter_match-gallery  grid-item gallery-space\"> <div class=\"galley-img\"><a class=\"image-popup zoom-icon\" href=\"https:\/\/www.intergalaxy.ro\/wp-content\/uploads\/2019\/11\/3.jpg\" title=\"Gallery3\">\r\n\t\t    \t\t\t\t\t\t<i class=\"glyph-icon flaticon-add-circular-button\" aria-hidden=\"true\"><\/i>\r\n\t\t    \t\t\t\t\t<\/a>\t\t\t\t\t\r\n\t\t\t\t\t\t\t<a class=\"img-wrap\" href=\"https:\/\/www.intergalaxy.ro\/wp-content\/uploads\/2019\/11\/3.jpg\">\r\n\t\t\t\t\t\t\t\t<img decoding=\"async\" src=\"https:\/\/www.intergalaxy.ro\/wp-content\/uploads\/2019\/11\/3.jpg\" alt=\"Gallery3\">\r\n\t\t\t\t\t\t\t<\/a>\r\n\t\t\t\t\t<\/div><\/div><div class=\"col-md-4 col-sm-6 filter_kids filter_match-gallery  grid-item gallery-space\"> <div class=\"galley-img\"><a class=\"image-popup zoom-icon\" href=\"https:\/\/www.intergalaxy.ro\/wp-content\/uploads\/2019\/11\/2.jpg\" title=\"Gallery2\">\r\n\t\t    \t\t\t\t\t\t<i class=\"glyph-icon flaticon-add-circular-button\" aria-hidden=\"true\"><\/i>\r\n\t\t    \t\t\t\t\t<\/a>\t\t\t\t\t\r\n\t\t\t\t\t\t\t<a class=\"img-wrap\" href=\"https:\/\/www.intergalaxy.ro\/wp-content\/uploads\/2019\/11\/2.jpg\">\r\n\t\t\t\t\t\t\t\t<img decoding=\"async\" src=\"https:\/\/www.intergalaxy.ro\/wp-content\/uploads\/2019\/11\/2.jpg\" alt=\"Gallery2\">\r\n\t\t\t\t\t\t\t<\/a>\r\n\t\t\t\t\t<\/div><\/div><div class=\"col-md-4 col-sm-6 filter_match-gallery  grid-item gallery-space\"> <div class=\"galley-img\"><a class=\"image-popup zoom-icon\" href=\"https:\/\/www.intergalaxy.ro\/wp-content\/uploads\/2019\/04\/gallery_3.jpg\" title=\"Gallery4\">\r\n\t\t    \t\t\t\t\t\t<i class=\"glyph-icon flaticon-add-circular-button\" aria-hidden=\"true\"><\/i>\r\n\t\t    \t\t\t\t\t<\/a>\t\t\t\t\t\r\n\t\t\t\t\t\t\t<a class=\"img-wrap\" href=\"https:\/\/www.intergalaxy.ro\/wp-content\/uploads\/2019\/04\/gallery_3.jpg\">\r\n\t\t\t\t\t\t\t\t<img decoding=\"async\" src=\"https:\/\/www.intergalaxy.ro\/wp-content\/uploads\/2019\/04\/gallery_3.jpg\" alt=\"Gallery4\">\r\n\t\t\t\t\t\t\t<\/a>\r\n\t\t\t\t\t<\/div><\/div><div class=\"col-md-4 col-sm-6 filter_match-gallery  grid-item gallery-space\"> <div class=\"galley-img\"><a class=\"image-popup zoom-icon\" href=\"https:\/\/www.intergalaxy.ro\/wp-content\/uploads\/2019\/04\/gallery_4.jpg\" title=\"Gallery3\">\r\n\t\t    \t\t\t\t\t\t<i class=\"glyph-icon flaticon-add-circular-button\" aria-hidden=\"true\"><\/i>\r\n\t\t    \t\t\t\t\t<\/a>\t\t\t\t\t\r\n\t\t\t\t\t\t\t<a class=\"img-wrap\" href=\"https:\/\/www.intergalaxy.ro\/wp-content\/uploads\/2019\/04\/gallery_4.jpg\">\r\n\t\t\t\t\t\t\t\t<img decoding=\"async\" src=\"https:\/\/www.intergalaxy.ro\/wp-content\/uploads\/2019\/04\/gallery_4.jpg\" alt=\"Gallery3\">\r\n\t\t\t\t\t\t\t<\/a>\r\n\t\t\t\t\t<\/div><\/div><div class=\"col-md-4 col-sm-6 filter_match-gallery  grid-item gallery-space\"> <div class=\"galley-img\"><a class=\"image-popup zoom-icon\" href=\"https:\/\/www.intergalaxy.ro\/wp-content\/uploads\/2019\/04\/gallery_5.jpg\" title=\"Gallery2\">\r\n\t\t    \t\t\t\t\t\t<i class=\"glyph-icon flaticon-add-circular-button\" aria-hidden=\"true\"><\/i>\r\n\t\t    \t\t\t\t\t<\/a>\t\t\t\t\t\r\n\t\t\t\t\t\t\t<a class=\"img-wrap\" href=\"https:\/\/www.intergalaxy.ro\/wp-content\/uploads\/2019\/04\/gallery_5.jpg\">\r\n\t\t\t\t\t\t\t\t<img decoding=\"async\" src=\"https:\/\/www.intergalaxy.ro\/wp-content\/uploads\/2019\/04\/gallery_5.jpg\" alt=\"Gallery2\">\r\n\t\t\t\t\t\t\t<\/a>\r\n\t\t\t\t\t<\/div><\/div><div class=\"col-md-4 col-sm-6 filter_match-gallery  grid-item gallery-space\"> <div class=\"galley-img\"><a class=\"image-popup zoom-icon\" href=\"https:\/\/www.intergalaxy.ro\/wp-content\/uploads\/2019\/04\/gallery_6.jpg\" title=\"Gallery1\">\r\n\t\t    \t\t\t\t\t\t<i class=\"glyph-icon flaticon-add-circular-button\" aria-hidden=\"true\"><\/i>\r\n\t\t    \t\t\t\t\t<\/a>\t\t\t\t\t\r\n\t\t\t\t\t\t\t<a class=\"img-wrap\" href=\"https:\/\/www.intergalaxy.ro\/wp-content\/uploads\/2019\/04\/gallery_6.jpg\">\r\n\t\t\t\t\t\t\t\t<img decoding=\"async\" src=\"https:\/\/www.intergalaxy.ro\/wp-content\/uploads\/2019\/04\/gallery_6.jpg\" alt=\"Gallery1\">\r\n\t\t\t\t\t\t\t<\/a>\r\n\t\t\t\t\t<\/div><\/div><\/div><\/div>[\/vc_column][\/vc_row]<\/p>\n","protected":false},"excerpt":{"rendered":"<p>[vc_row full_width=&#8221;stretch_row&#8221; equal_height=&#8221;yes&#8221; content_placement=&#8221;middle&#8221; css=&#8221;.vc_custom_1560161656174{padding-top: 100px !important;padding-bottom: 64px !important;background-position: center !important;background-repeat: no-repeat !important;background-size: cover !important;}&#8221; el_class=&#8221;fixture-views&#8221;][vc_column css=&#8221;.vc_custom_1557908472510{padding-top: 0px !important;padding-bottom: 0px !important;}&#8221;][vc_row_inner equal_height=&#8221;yes&#8221; content_placement=&#8221;middle&#8221; css=&#8221;.vc_custom_1560153296232{padding-top: 0px !important;padding-bottom: 0px !important;}&#8221;][vc_column_inner width=&#8221;5\/12&#8243; css=&#8221;.vc_custom_1557908404124{padding-top: 0px !important;padding-bottom: 0px !important;background-position: center !important;background-repeat: no-repeat !important;background-size: cover !important;}&#8221;][vc_single_image image=&#8221;1989&#8243; img_size=&#8221;full&#8221;][\/vc_column_inner][vc_column_inner width=&#8221;7\/12&#8243; css=&#8221;.vc_custom_1557734622756{padding-left: 40px !important;}&#8221;][\/vc_column_inner][\/vc_row_inner][\/vc_column][\/vc_row][vc_row full_width=&#8221;stretch_row&#8221; css=&#8221;.vc_custom_1559199652231{padding-top: 41px !important;padding-bottom: 92px !important;background-image: url(https:\/\/rstheme.com\/products\/wordpress\/khelo\/wp-content\/uploads\/2019\/05\/bg1.jpg?id=811) !important;background-position: center&#8230;<\/p>\n","protected":false},"author":1,"featured_media":0,"parent":0,"menu_order":0,"comment_status":"closed","ping_status":"closed","template":"","meta":{"editor_plus_copied_stylings":"{}","kk_blocks_editor_width":"","_kiokenblocks_attr":"","_kiokenblocks_dimensions":"","footnotes":""},"class_list":["post-1957","page","type-page","status-publish","hentry"],"_links":{"self":[{"href":"https:\/\/www.intergalaxy.ro\/index.php\/wp-json\/wp\/v2\/pages\/1957","targetHints":{"allow":["GET"]}}],"collection":[{"href":"https:\/\/www.intergalaxy.ro\/index.php\/wp-json\/wp\/v2\/pages"}],"about":[{"href":"https:\/\/www.intergalaxy.ro\/index.php\/wp-json\/wp\/v2\/types\/page"}],"author":[{"embeddable":true,"href":"https:\/\/www.intergalaxy.ro\/index.php\/wp-json\/wp\/v2\/users\/1"}],"replies":[{"embeddable":true,"href":"https:\/\/www.intergalaxy.ro\/index.php\/wp-json\/wp\/v2\/comments?post=1957"}],"version-history":[{"count":11,"href":"https:\/\/www.intergalaxy.ro\/index.php\/wp-json\/wp\/v2\/pages\/1957\/revisions"}],"predecessor-version":[{"id":2316,"href":"https:\/\/www.intergalaxy.ro\/index.php\/wp-json\/wp\/v2\/pages\/1957\/revisions\/2316"}],"wp:attachment":[{"href":"https:\/\/www.intergalaxy.ro\/index.php\/wp-json\/wp\/v2\/media?parent=1957"}],"curies":[{"name":"wp","href":"https:\/\/api.w.org\/{rel}","templated":true}]}}