{"id":1958,"date":"2025-11-13T06:21:41","date_gmt":"2025-11-13T03:21:41","guid":{"rendered":"http:\/\/192.168.0.110\/sports\/?page_id=12"},"modified":"2026-01-26T22:56:21","modified_gmt":"2026-01-26T19:56:21","slug":"news","status":"publish","type":"page","link":"https:\/\/www.intergalaxy.ro\/index.php\/news\/","title":{"rendered":"Burse pentru copii"},"content":{"rendered":"[vc_row][vc_column][vc_column_text]\r\n\r\n<strong>Oferim burse copiilor care \u00eentrunesc urm\u0103toarele criterii:<\/strong>\r\n<ul>\r\n \t<li>au evolu\u021bie \u0219i performan\u021be deosebite,<\/li>\r\n \t<li>au prezen\u021b\u0103 de 100% la antrenamente, cu excep\u021bia \u00eenvoirilor aprobate de antrenor,<\/li>\r\n \t<li>au implicare \u0219i concentrare la antrenamente \u0219i meciuri,<\/li>\r\n \t<li>au o bun\u0103 comunicare cu colegii \u0219i antrenorii.<\/li>\r\n<\/ul>\r\nStabilirea burselor va fi f\u0103cut\u0103 de stafful tehnic.\r\n\r\n<strong>Bursele constau \u00een:<\/strong>\r\n\u2013 100% reducere din cotiza\u021bia lunar\u0103,\r\n\u2013 100% reducere din pre\u021bul echipamentelor de antrenament \u0219i al echipamentelor de joc (acas\u0103 \u0219i deplasare),\r\n\u2013 50% discount la cantonamente \u0219i turnee.\r\n\r\n\r\n\r\n[\/vc_column_text][\/vc_column][\/vc_row]<!-- \/wp:post-content -->","protected":false},"excerpt":{"rendered":"<p>[vc_row][vc_column][vc_column_text] Oferim burse copiilor care \u00eentrunesc urm\u0103toarele criterii: au evolu\u021bie \u0219i performan\u021be deosebite, au prezen\u021b\u0103 de 100% la antrenamente, cu excep\u021bia \u00eenvoirilor aprobate de antrenor, au implicare \u0219i concentrare la antrenamente \u0219i meciuri, au o bun\u0103 comunicare cu colegii \u0219i antrenorii. Stabilirea burselor va fi f\u0103cut\u0103 de stafful tehnic. Bursele constau \u00een: \u2013 100% reducere&#8230;<\/p>\n","protected":false},"author":1,"featured_media":0,"parent":0,"menu_order":0,"comment_status":"closed","ping_status":"closed","template":"","meta":{"editor_plus_copied_stylings":"{}","kk_blocks_editor_width":"","_kiokenblocks_attr":"","_kiokenblocks_dimensions":"","footnotes":""},"class_list":["post-1958","page","type-page","status-publish","hentry"],"_links":{"self":[{"href":"https:\/\/www.intergalaxy.ro\/index.php\/wp-json\/wp\/v2\/pages\/1958","targetHints":{"allow":["GET"]}}],"collection":[{"href":"https:\/\/www.intergalaxy.ro\/index.php\/wp-json\/wp\/v2\/pages"}],"about":[{"href":"https:\/\/www.intergalaxy.ro\/index.php\/wp-json\/wp\/v2\/types\/page"}],"author":[{"embeddable":true,"href":"https:\/\/www.intergalaxy.ro\/index.php\/wp-json\/wp\/v2\/users\/1"}],"replies":[{"embeddable":true,"href":"https:\/\/www.intergalaxy.ro\/index.php\/wp-json\/wp\/v2\/comments?post=1958"}],"version-history":[{"count":7,"href":"https:\/\/www.intergalaxy.ro\/index.php\/wp-json\/wp\/v2\/pages\/1958\/revisions"}],"predecessor-version":[{"id":2688,"href":"https:\/\/www.intergalaxy.ro\/index.php\/wp-json\/wp\/v2\/pages\/1958\/revisions\/2688"}],"wp:attachment":[{"href":"https:\/\/www.intergalaxy.ro\/index.php\/wp-json\/wp\/v2\/media?parent=1958"}],"curies":[{"name":"wp","href":"https:\/\/api.w.org\/{rel}","templated":true}]}}